{"id":27,"date":"2019-11-25T20:43:31","date_gmt":"2019-11-25T19:43:31","guid":{"rendered":"http:\/\/kolping-musikverein.de\/?page_id=27"},"modified":"2022-11-28T10:48:47","modified_gmt":"2022-11-28T09:48:47","slug":"vorstand","status":"publish","type":"page","link":"https:\/\/kolping-musikverein.de\/?page_id=27","title":{"rendered":"Vorstand"},"content":{"rendered":"\n<p>Der Vorstand des Kolping Musikvereins Bad Lippspringe besteht ausschlie\u00dflich aus aktiven Musikern. Die Vorstandswahlen finden bei der Jahreshauptversammlung im Januar statt. In geraden Jahren werden jeweils die ersten Vertreter jeden Ressorts gew\u00e4hlt, in ungeraden Jahren die Zweiten. Der Vorstand 2021 hat folgende Mitglieder:<\/p>\n\n\n\n<figure class=\"wp-block-image size-large is-style-default\"><img loading=\"lazy\" decoding=\"async\" width=\"1024\" height=\"769\" src=\"https:\/\/kolping-musikverein.de\/wp-content\/uploads\/2022\/11\/Foto_Vorstand_August_2022-1024x769.jpeg\" alt=\"\" class=\"wp-image-3898\" srcset=\"https:\/\/kolping-musikverein.de\/wp-content\/uploads\/2022\/11\/Foto_Vorstand_August_2022-1024x769.jpeg 1024w, https:\/\/kolping-musikverein.de\/wp-content\/uploads\/2022\/11\/Foto_Vorstand_August_2022-300x225.jpeg 300w, https:\/\/kolping-musikverein.de\/wp-content\/uploads\/2022\/11\/Foto_Vorstand_August_2022-150x113.jpeg 150w, https:\/\/kolping-musikverein.de\/wp-content\/uploads\/2022\/11\/Foto_Vorstand_August_2022-768x577.jpeg 768w, https:\/\/kolping-musikverein.de\/wp-content\/uploads\/2022\/11\/Foto_Vorstand_August_2022-1536x1153.jpeg 1536w, https:\/\/kolping-musikverein.de\/wp-content\/uploads\/2022\/11\/Foto_Vorstand_August_2022-2048x1538.jpeg 2048w, https:\/\/kolping-musikverein.de\/wp-content\/uploads\/2022\/11\/Foto_Vorstand_August_2022-750x563.jpeg 750w\" sizes=\"auto, (max-width: 1024px) 100vw, 1024px\" \/><figcaption class=\"wp-element-caption\">Der Vorstand des Kolping Musikverein Bad Lippspringe (v. l. n.r.): Rainer Wille (1. Schriftf\u00fchrer), Alfons Hagemeister (2. Schriftf\u00fchrer), Monika Peters (2. Vorsitzende), Amelie Niewels (Jugendw\u00e4rtin), Anna Bee (Jugendw\u00e4rtin), Magnus Schr\u00f6der (musikalischer Leiter), Theresa Hagemeister (1. Kassiererin), Christine Heuser (Ausbildungskoordinatorin), Sandra, Tofall (Ausbildungskoordinatorin), Karl August Bee (Beisitzer), Thorsten Albers (2. Kassierer), Michael Kamp (1. Vorsitzender) \u00a9 Foto: www.hoffmannfoto.de,  Fotografie und Design Ansgar Hoffmann, Zur Kammersennne 6, D-33189 Schlangen<\/figcaption><\/figure>\n","protected":false},"excerpt":{"rendered":"<p>Der Vorstand des Kolping Musikvereins Bad Lippspringe besteht ausschlie\u00dflich aus aktiven Musikern. Die Vorstandswahlen finden bei der Jahreshauptversammlung im Januar statt. In geraden Jahren werden jeweils die ersten Vertreter jeden Ressorts gew\u00e4hlt, in ungeraden Jahren die Zweiten. Der Vorstand 2021 hat folgende Mitglieder:<\/p>\n","protected":false},"author":2,"featured_media":0,"parent":0,"menu_order":0,"comment_status":"closed","ping_status":"closed","template":"template-onecolumn.php","meta":{"ngg_post_thumbnail":0,"_mc_calendar":[],"footnotes":""},"class_list":["post-27","page","type-page","status-publish","hentry","nodate","item-wrap"],"_links":{"self":[{"href":"https:\/\/kolping-musikverein.de\/index.php?rest_route=\/wp\/v2\/pages\/27","targetHints":{"allow":["GET"]}}],"collection":[{"href":"https:\/\/kolping-musikverein.de\/index.php?rest_route=\/wp\/v2\/pages"}],"about":[{"href":"https:\/\/kolping-musikverein.de\/index.php?rest_route=\/wp\/v2\/types\/page"}],"author":[{"embeddable":true,"href":"https:\/\/kolping-musikverein.de\/index.php?rest_route=\/wp\/v2\/users\/2"}],"replies":[{"embeddable":true,"href":"https:\/\/kolping-musikverein.de\/index.php?rest_route=%2Fwp%2Fv2%2Fcomments&post=27"}],"version-history":[{"count":9,"href":"https:\/\/kolping-musikverein.de\/index.php?rest_route=\/wp\/v2\/pages\/27\/revisions"}],"predecessor-version":[{"id":3900,"href":"https:\/\/kolping-musikverein.de\/index.php?rest_route=\/wp\/v2\/pages\/27\/revisions\/3900"}],"wp:attachment":[{"href":"https:\/\/kolping-musikverein.de\/index.php?rest_route=%2Fwp%2Fv2%2Fmedia&parent=27"}],"curies":[{"name":"wp","href":"https:\/\/api.w.org\/{rel}","templated":true}]}}