{"id":6,"date":"2019-11-25T12:39:40","date_gmt":"2019-11-25T11:39:40","guid":{"rendered":"http:\/\/kolping-musikverein.de\/?page_id=6"},"modified":"2022-06-08T13:19:34","modified_gmt":"2022-06-08T12:19:34","slug":"jugendorchester","status":"publish","type":"page","link":"https:\/\/kolping-musikverein.de\/?page_id=6","title":{"rendered":"Jugendorchester"},"content":{"rendered":"\n<div class=\"wp-block-group\"><div class=\"wp-block-group__inner-container is-layout-flow wp-block-group-is-layout-flow\">\n<p>Du hast Lust ein Instrument zu spielen, oder du hast gerade begonnen ein Instrument zu lernen und hast nun Lust auch einmal dein K\u00f6nnen in der Gruppe auszuprobieren?<\/p>\n\n\n\n<p>Dann schau doch mal beim Jugendorchester des Kolping Musikvereins vorbei. Wir proben jeden Dienstagabend um 18.15 Uhr im Prinzenpalais unserer Badestadt.<\/p>\n\n\n\n<p>Das Jugendorchester hat zurzeit 15 Mitglieder im jungen oder junggebliebenen Alter. W\u00e4hrend der \u00dcbungsabende werden erste St\u00fccke aus Rock, Pop u.v.m. geprobt. Doch auch die ersten St\u00fccke aus dem gro\u00dfen Orchester werden hier einstudiert um einen sp\u00e4teren Wechsel in das gro\u00dfe Orchester zu vereinfachen.<\/p>\n\n\n\n<p>Besonderer Wert wird auf die Vermittlung musikalischer Grundlagen und auf das gemeinsame Zusammenspiel gelegt.<\/p>\n\n\n\n<p>Das Jugendorchester hat genauso wie das gro\u00dfe Orchester einen vollen Terminkalender. Neben     St\u00e4ndchen und Martinsumz\u00fcgen nehmen die Mitglieder des Jugendorchesters ebenso am <a href=\"https:\/\/kolping-musikverein.de\/?page_id=7\">Benefiz-Konzert<\/a> teil. <\/p>\n<\/div><\/div>\n\n\n\n<p><\/p>\n","protected":false},"excerpt":{"rendered":"<p>Du hast Lust ein Instrument zu spielen, oder du hast gerade begonnen ein Instrument zu lernen und hast nun Lust auch einmal dein K\u00f6nnen in der Gruppe auszuprobieren? Dann schau doch mal beim Jugendorchester des Kolping Musikvereins vorbei. Wir proben jeden Dienstagabend um 18.15 Uhr im Prinzenpalais unserer Badestadt. Das Jugendorchester hat zurzeit 15 Mitglieder &hellip; <\/p>\n<p><a class=\"more-link btn\" href=\"https:\/\/kolping-musikverein.de\/?page_id=6\">Weiterlesen<\/a><\/p>\n","protected":false},"author":2,"featured_media":0,"parent":0,"menu_order":0,"comment_status":"closed","ping_status":"closed","template":"template-onecolumn.php","meta":{"ngg_post_thumbnail":0,"_mc_calendar":[],"footnotes":""},"class_list":["post-6","page","type-page","status-publish","hentry","nodate","item-wrap"],"_links":{"self":[{"href":"https:\/\/kolping-musikverein.de\/index.php?rest_route=\/wp\/v2\/pages\/6","targetHints":{"allow":["GET"]}}],"collection":[{"href":"https:\/\/kolping-musikverein.de\/index.php?rest_route=\/wp\/v2\/pages"}],"about":[{"href":"https:\/\/kolping-musikverein.de\/index.php?rest_route=\/wp\/v2\/types\/page"}],"author":[{"embeddable":true,"href":"https:\/\/kolping-musikverein.de\/index.php?rest_route=\/wp\/v2\/users\/2"}],"replies":[{"embeddable":true,"href":"https:\/\/kolping-musikverein.de\/index.php?rest_route=%2Fwp%2Fv2%2Fcomments&post=6"}],"version-history":[{"count":5,"href":"https:\/\/kolping-musikverein.de\/index.php?rest_route=\/wp\/v2\/pages\/6\/revisions"}],"predecessor-version":[{"id":3827,"href":"https:\/\/kolping-musikverein.de\/index.php?rest_route=\/wp\/v2\/pages\/6\/revisions\/3827"}],"wp:attachment":[{"href":"https:\/\/kolping-musikverein.de\/index.php?rest_route=%2Fwp%2Fv2%2Fmedia&parent=6"}],"curies":[{"name":"wp","href":"https:\/\/api.w.org\/{rel}","templated":true}]}}